{"id":3980,"date":"2023-11-29T16:21:30","date_gmt":"2023-11-29T15:21:30","guid":{"rendered":"https:\/\/itcgaming.fr\/?post_type=product&#038;p=3980"},"modified":"2023-12-12T19:20:50","modified_gmt":"2023-12-12T18:20:50","slug":"pc-gamer-jaeger","status":"publish","type":"product","link":"https:\/\/itcgaming.fr\/?product=pc-gamer-jaeger","title":{"rendered":"PC GAMER JAEGER"},"content":{"rendered":"<h2 class=\"pic_h1 pic_fproduit--titre-h1\">PC JAEGER &#8211; i5 10400F\/ 16Go\/ 1To\/ RTX4060Ti<\/h2>\n<h3 class=\"pic_h4 pic_fproduit--titre-caract\"><img loading=\"lazy\" decoding=\"async\" class=\"alignnone size-full wp-image-3745\" src=\"https:\/\/itcgaming.fr\/wp-content\/uploads\/2023\/11\/i5_13.png\" alt=\"\" width=\"50\" height=\"50\" \/><img loading=\"lazy\" decoding=\"async\" class=\"alignnone size-full wp-image-3739\" src=\"https:\/\/itcgaming.fr\/wp-content\/uploads\/2023\/11\/nvidia_rtx.png\" alt=\"\" width=\"50\" height=\"50\" \/><img loading=\"lazy\" decoding=\"async\" class=\"alignnone size-full wp-image-3741\" src=\"https:\/\/itcgaming.fr\/wp-content\/uploads\/2023\/11\/ms_windows11.png\" alt=\"\" width=\"50\" height=\"50\" \/><\/h3>\n<h3 class=\"pic_h4 pic_fproduit--titre-caract\">Caract\u00e9ristiques principales :<\/h3>\n<p>Retrouvez la liste des pi\u00e8ces correspondant \u00e0 l\u2019ensemble des \u00e9l\u00e9ments composant le PC de base sans modification d\u2019option.<br \/>\nNous proposons des PC<strong>\u00a0fonctionnels<\/strong>\u00a0et\u00a0<strong>livrable tr\u00e8s rapidement<\/strong>\u00a0car\u00a0<strong>pr\u00e9-mont\u00e9s<\/strong><\/p>\n<ul class=\"pic_fproduit-critere--ul\">\n<li class=\"pic_fproduit-critere--li pic_fproduit-critere--plein pic_p\"><strong>Utilisation :<\/strong> Gamer<\/li>\n<li class=\"pic_fproduit-critere--li pic_fproduit-critere--plein pic_p\"><strong>Type Processeur :<\/strong> Intel core i5-104000F<\/li>\n<li class=\"pic_fproduit-critere--li pic_fproduit-critere--plein pic_p\"><strong>M\u00e9moire RAM :<\/strong> 16Go<\/li>\n<li class=\"pic_fproduit-critere--li pic_fproduit-critere--plein pic_p\"><strong>Capacit\u00e9 Stockage :<\/strong> SSD 1To NVMe Crucial<\/li>\n<li class=\"pic_fproduit-critere--li pic_fproduit-critere--plein pic_p\"><strong>Carte Graphique : <\/strong>nVidia RTX 4060 Ti<\/li>\n<li class=\"pic_fproduit-critere--li pic_fproduit-critere--plein pic_p\"><strong>Syst\u00e8me d&#8217;Exploitation :<\/strong> Sans<\/li>\n<li class=\"pic_fproduit-critere--li pic_fproduit-critere--plein pic_p\"><strong>Constructeur GPU :<\/strong> nVidia<\/li>\n<li class=\"pic_fproduit-critere--li pic_fproduit-critere--plein pic_p\"><strong>Type de Ch\u00e2ssis :<\/strong> Tower<\/li>\n<li><strong>Couleur :<\/strong> Noir<\/li>\n<\/ul>\n<p>&nbsp;<\/p>\n<h3 class=\"o_default_snippet_text\">Les performances en jeu :<\/h3>\n<p class=\"o_default_snippet_text\">Tous les test ont \u00e9t\u00e9 effectu\u00e9s en\u00a0<strong><span class=\"text-o-color-1\">1080P<\/span><\/strong>\u00a0avec tous les param\u00e8tres en\u00a0<strong><span class=\"text-o-color-1\">ULTRA<\/span><\/strong><\/p>\n<p><img loading=\"lazy\" decoding=\"async\" class=\"alignnone wp-image-3742\" src=\"https:\/\/itcgaming.fr\/wp-content\/uploads\/2023\/11\/PERFORMANCES-300x104.png\" alt=\"\" width=\"862\" height=\"299\" srcset=\"https:\/\/itcgaming.fr\/wp-content\/uploads\/2023\/11\/PERFORMANCES-300x104.png 300w, https:\/\/itcgaming.fr\/wp-content\/uploads\/2023\/11\/PERFORMANCES-1024x355.png 1024w, https:\/\/itcgaming.fr\/wp-content\/uploads\/2023\/11\/PERFORMANCES-768x266.png 768w, https:\/\/itcgaming.fr\/wp-content\/uploads\/2023\/11\/PERFORMANCES-1000x347.png 1000w, https:\/\/itcgaming.fr\/wp-content\/uploads\/2023\/11\/PERFORMANCES-600x208.png 600w, https:\/\/itcgaming.fr\/wp-content\/uploads\/2023\/11\/PERFORMANCES.png 1280w\" sizes=\"auto, (max-width: 862px) 100vw, 862px\" \/><\/p>\n<h2><\/h2>\n<p>&nbsp;<\/p>\n<h3 id=\"texte\" class=\"pcgamer__caracteristiques__titre gamer_titrepc\">Descriptif :<\/h3>\n<h4 id=\"H1\" class=\"pcgamer__caracteristiques__titrepc gamer_h2\">PC gamer ITC JAEGER<\/h4>\n<div class=\"bloc-seo-config\">\n<div class=\"bloc-l\">\n<p class=\"introduction\">Que vous soyez un joueur passionn\u00e9 ou un utilisateur exigeant, le PC Gaming Jaeger est une solution compl\u00e8te offrant des performances de pointe, des graphismes \u00e9poustouflants et une connectivit\u00e9 sans fil rapide. Pr\u00e9parez-vous \u00e0 vivre une exp\u00e9rience de jeu immersive et captivante avec ce PC optimis\u00e9 !<\/p>\n<p>&nbsp;<\/p>\n<h3 class=\"title_compo\">Des composants haut de gamme :<\/h3>\n<h4 class=\"compo_description\"><strong>Processeur Intel i5 10400F<\/strong><\/h4>\n<p class=\"description_text\">Le PC Gaming JAEGER est con\u00e7u pour offrir des performances de pointe et une puissance exceptionnelle, vous plongeant dans des mondes virtuels \u00e9poustouflants. Dot\u00e9 du processeur Intel i5 10400F, il garantit une r\u00e9activit\u00e9 rapide et une ex\u00e9cution fluide des jeux les plus exigeants. Avec sa carte m\u00e8re PRIME H510M-K, il offre une stabilit\u00e9 optimale et une capacit\u00e9 d&#8217;expansion pour r\u00e9pondre \u00e0 vos besoins futurs.<\/p>\n<h4 class=\"compo_description\"><strong>Carte graphique RTX 4060 Ti<\/strong><\/h4>\n<p class=\"description_text\">Avec la carte graphique RTX 4060 Ti, le PC Gaming Jaeger offre des performances graphiques de premier ordre pour des visuels \u00e9poustouflants. Profitez d&#8217;une r\u00e9solution ultra-HD, d&#8217;effets visuels r\u00e9alistes et d&#8217;une fluidit\u00e9 exceptionnelle dans vos jeux pr\u00e9f\u00e9r\u00e9s. Les technologies avanc\u00e9es de la s\u00e9rie RTX, telles que le ray tracing en temps r\u00e9el et l&#8217;intelligence artificielle, cr\u00e9ent des environnements virtuels immersifs et r\u00e9alistes.<\/p>\n<h4 class=\"compo_description\"><strong>Des performances multit\u00e2ches sans compromis gr\u00e2ce a 16 Go DDR4 RGB<\/strong><\/h4>\n<p class=\"description_text\">La m\u00e9moire PC 16 Go DDR4 RGB du PC Gaming Jaeger assure des performances multit\u00e2ches fluides et une exp\u00e9rience de jeu sans compromis. Gr\u00e2ce \u00e0 sa capacit\u00e9 de 16 Go DDR4 RGB, vous pouvez ex\u00e9cuter plusieurs applications et jeux gourmands en ressources simultan\u00e9ment, sans aucun ralentissement. Avec son \u00e9clairage RGB personnalisable, il ajoute une touche de style \u00e0 votre configuration de jeu.<\/p>\n<h4 class=\"compo_description\"><strong>Disque dur 1To SSD NVMe<\/strong><\/h4>\n<p class=\"description_text\">Le disque dur 1To SSD NVMe ultime pour une performance in\u00e9gal\u00e9e : le 1To NVMe. Avec sa capacit\u00e9 g\u00e9n\u00e9reuse et sa vitesse fulgurante, il r\u00e9volutionne votre exp\u00e9rience informatique. Profitez d&#8217;un d\u00e9marrage instantan\u00e9, des transferts de fichiers ultra-rapides et d&#8217;une r\u00e9activit\u00e9 sans pr\u00e9c\u00e9dent. Lib\u00e9rez-vous des temps d&#8217;attente frustrants et boostez votre productivit\u00e9. Offrez-vous le nec plus ultra en mati\u00e8re de stockage avec le disque SSD 1To NVMe.<\/p>\n<p>&nbsp;<\/p>\n<h3 class=\"title_second\">Pour toujours plus d&#8217;action<\/h3>\n<div class=\"bloc-l\">\n<p class=\"description_text\">Le PC gamer ITC JAEGER offre une exp\u00e9rience de jeu in\u00e9gal\u00e9e qui vous transportera dans des mondes virtuels \u00e9poustouflants. Avec sa puissance de traitement exceptionnelle, sa carte graphique de pointe et son syst\u00e8me de refroidissement avanc\u00e9, vous serez immerg\u00e9 dans des graphismes de haute qualit\u00e9 et des performances fluides. Ne manquez pas l&#8217;occasion de vivre des aventures extraordinaires et de repousser vos limites avec le PC gamer ITC JAEGER. Faites de votre passion du jeu une r\u00e9alit\u00e9 d\u00e8s maintenant !<\/p>\n<\/div>\n<div class=\"tableaux_container\">\n<div class=\"tableau_1\"><\/div>\n<\/div>\n<p>&nbsp;<\/p>\n<\/div>\n<\/div>\n<h3 class=\"pic_h4 pic_fproduit--titre-caract\">Caract\u00e9ristiques compl\u00e8te :<\/h3>\n<ul>\n<li><strong>Boitier PC M.RED Cobalt Noir<\/strong><\/li>\n<li><strong><strong>Processeur INTEL i5 10400F <\/strong><\/strong>2.9GHz\/12Mo\/LGA1200\/BOX<\/li>\n<li><strong><strong><strong>Carte M\u00e8re Asus PRIME H510M-K R2.0 <\/strong><\/strong><\/strong>H510\/LGA1200\/mATX<\/li>\n<li><strong>M\u00e9moire PC Kingston 16Go RGB <\/strong>KF432C16BBA\/2&#215;8 RGB<\/li>\n<li><strong><strong><strong>Disque SSD Crucial 1To M.2 NVMe <\/strong><\/strong><\/strong><em>CT1000P3PSSD8<\/em><\/li>\n<li><strong><strong>Carte Graphique MSI RTX 4060 Ti Ventus <\/strong><\/strong><em>2X BLACK 8G OC<\/em><\/li>\n<li><strong><strong>Alimentation M.RED ATX 750W &#8211; 80+BRONZE <\/strong><\/strong>MRT-750 (BLACK)<\/li>\n<li><strong>Sans Syst\u00e8me d&#8217;Exploitation<\/strong><\/li>\n<\/ul>\n","protected":false},"excerpt":{"rendered":"<h4 class=\"pic_h4 pic_fproduit--titre-caract\"><a href=\"https:\/\/itcgaming.fr\/wp-content\/uploads\/2023\/11\/logo_gamme_initie.svg\"><img loading=\"lazy\" decoding=\"async\" class=\"wp-image-3948 alignleft\" role=\"img\" src=\"https:\/\/itcgaming.fr\/wp-content\/uploads\/2023\/11\/logo_gamme_initie.svg\" alt=\"\" width=\"34\" height=\"35\" \/><\/a><\/h4>\n<h3 class=\"pic_h4 pic_fproduit--titre-caract\"><strong><span style=\"color: #3fca32;\">PC Gamer initi\u00e9<\/span><\/strong><\/h3>\n<ul class=\"pic_fproduit-critere--ul\">\n<li class=\"pic_fproduit-critere--li pic_fproduit-critere--plein pic_p\"><strong>Utilisation :<\/strong> Gamer<\/li>\n<li class=\"pic_fproduit-critere--li pic_fproduit-critere--plein pic_p\"><strong>Type Processeur :<\/strong> Intel core i5-104000F<\/li>\n<li class=\"pic_fproduit-critere--li pic_fproduit-critere--plein pic_p\"><strong>M\u00e9moire RAM :<\/strong> 16Go<\/li>\n<li class=\"pic_fproduit-critere--li pic_fproduit-critere--plein pic_p\"><strong>Capacit\u00e9 stockage :<\/strong> SSD 1To<\/li>\n<li class=\"pic_fproduit-critere--li pic_fproduit-critere--plein pic_p\"><strong>Carte Graphique : <\/strong>nVidia RTX 4060 Ti<\/li>\n<li class=\"pic_fproduit-critere--li pic_fproduit-critere--plein pic_p\"><strong>Syst\u00e8me d&#8217;exploitation :<\/strong> Sans<\/li>\n<li class=\"pic_fproduit-critere--li pic_fproduit-critere--plein pic_p\"><strong>Constructeur GPU :<\/strong> nVidia<\/li>\n<li class=\"pic_fproduit-critere--li pic_fproduit-critere--plein pic_p\"><strong>Type de Ch\u00e2ssis :<\/strong> Tower<\/li>\n<li><strong>Couleur :<\/strong> Noir<\/li>\n<\/ul>\n","protected":false},"featured_media":3981,"comment_status":"open","ping_status":"closed","template":"","meta":{"_acf_changed":false,"_exactmetrics_skip_tracking":false,"_exactmetrics_sitenote_active":false,"_exactmetrics_sitenote_note":"","_exactmetrics_sitenote_category":0,"_uf_show_specific_survey":0,"_uf_disable_surveys":false},"product_brand":[323],"product_cat":[349,137],"product_tag":[353,327,325,238],"class_list":{"0":"post-3980","1":"product","2":"type-product","3":"status-publish","4":"has-post-thumbnail","6":"product_brand-itc-gaming","7":"product_cat-cpu-intel","8":"product_cat-pc-gaming","9":"product_tag-gpu-nvidia","10":"product_tag-intel","11":"product_tag-itc-gaming","12":"product_tag-pc-gaming","13":"wcpa_has_options","15":"first","16":"instock","17":"featured","18":"taxable","19":"shipping-taxable","20":"purchasable","21":"product-type-simple"},"composite_virtual":false,"composite_layout":"","composite_add_to_cart_form_location":"","composite_editable_in_cart":false,"composite_sold_individually_context":"","composite_shop_price_calc":"","composite_components":[],"composite_scenarios":[],"acf":[],"yoast_head":"<!-- This site is optimized with the Yoast SEO plugin v25.9 - https:\/\/yoast.com\/wordpress\/plugins\/seo\/ -->\n<title>PC GAMER JAEGER - ITCGaming.fr<\/title>\n<meta name=\"robots\" content=\"index, follow, max-snippet:-1, max-image-preview:large, max-video-preview:-1\" \/>\n<link rel=\"canonical\" href=\"https:\/\/itcgaming.fr\/?product=pc-gamer-jaeger\" \/>\n<meta property=\"og:locale\" content=\"fr_FR\" \/>\n<meta property=\"og:type\" content=\"article\" \/>\n<meta property=\"og:title\" content=\"PC GAMER JAEGER - ITCGaming.fr\" \/>\n<meta property=\"og:description\" content=\"PC Gamer initi\u00e9   Utilisation : Gamer  Type Processeur : Intel core i5-104000F  M\u00e9moire RAM : 16Go  Capacit\u00e9 stockage : SSD 1To  Carte Graphique : nVidia RTX 4060 Ti  Syst\u00e8me d&#039;exploitation : Sans  Constructeur GPU : nVidia  Type de Ch\u00e2ssis : Tower  Couleur : Noir\" \/>\n<meta property=\"og:url\" content=\"https:\/\/itcgaming.fr\/?product=pc-gamer-jaeger\" \/>\n<meta property=\"og:site_name\" content=\"ITCGaming.fr\" \/>\n<meta property=\"article:modified_time\" content=\"2023-12-12T18:20:50+00:00\" \/>\n<meta property=\"og:image\" content=\"https:\/\/itcgaming.fr\/wp-content\/uploads\/2023\/11\/jaeger_1.webp\" \/>\n\t<meta property=\"og:image:width\" content=\"1200\" \/>\n\t<meta property=\"og:image:height\" content=\"1200\" \/>\n\t<meta property=\"og:image:type\" content=\"image\/webp\" \/>\n<meta name=\"twitter:card\" content=\"summary_large_image\" \/>\n<meta name=\"twitter:label1\" content=\"Dur\u00e9e de lecture estim\u00e9e\" \/>\n\t<meta name=\"twitter:data1\" content=\"4 minutes\" \/>\n<script type=\"application\/ld+json\" class=\"yoast-schema-graph\">{\"@context\":\"https:\/\/schema.org\",\"@graph\":[{\"@type\":\"WebPage\",\"@id\":\"https:\/\/itcgaming.fr\/?product=pc-gamer-jaeger\",\"url\":\"https:\/\/itcgaming.fr\/?product=pc-gamer-jaeger\",\"name\":\"PC GAMER JAEGER - ITCGaming.fr\",\"isPartOf\":{\"@id\":\"https:\/\/itcgaming.fr\/#website\"},\"primaryImageOfPage\":{\"@id\":\"https:\/\/itcgaming.fr\/?product=pc-gamer-jaeger#primaryimage\"},\"image\":{\"@id\":\"https:\/\/itcgaming.fr\/?product=pc-gamer-jaeger#primaryimage\"},\"thumbnailUrl\":\"https:\/\/itcgaming.fr\/wp-content\/uploads\/2023\/11\/jaeger_1.webp\",\"datePublished\":\"2023-11-29T15:21:30+00:00\",\"dateModified\":\"2023-12-12T18:20:50+00:00\",\"breadcrumb\":{\"@id\":\"https:\/\/itcgaming.fr\/?product=pc-gamer-jaeger#breadcrumb\"},\"inLanguage\":\"fr-FR\",\"potentialAction\":[{\"@type\":\"ReadAction\",\"target\":[\"https:\/\/itcgaming.fr\/?product=pc-gamer-jaeger\"]}]},{\"@type\":\"ImageObject\",\"inLanguage\":\"fr-FR\",\"@id\":\"https:\/\/itcgaming.fr\/?product=pc-gamer-jaeger#primaryimage\",\"url\":\"https:\/\/itcgaming.fr\/wp-content\/uploads\/2023\/11\/jaeger_1.webp\",\"contentUrl\":\"https:\/\/itcgaming.fr\/wp-content\/uploads\/2023\/11\/jaeger_1.webp\",\"width\":1200,\"height\":1200},{\"@type\":\"BreadcrumbList\",\"@id\":\"https:\/\/itcgaming.fr\/?product=pc-gamer-jaeger#breadcrumb\",\"itemListElement\":[{\"@type\":\"ListItem\",\"position\":1,\"name\":\"Accueil\",\"item\":\"https:\/\/itcgaming.fr\/\"},{\"@type\":\"ListItem\",\"position\":2,\"name\":\"Univers Gaming\",\"item\":\"https:\/\/itcgaming.fr\/?page_id=50\"},{\"@type\":\"ListItem\",\"position\":3,\"name\":\"PC GAMER JAEGER\"}]},{\"@type\":\"WebSite\",\"@id\":\"https:\/\/itcgaming.fr\/#website\",\"url\":\"https:\/\/itcgaming.fr\/\",\"name\":\"ITCGaming.fr\",\"description\":\"A vous de Jou\u00e9e !\",\"potentialAction\":[{\"@type\":\"SearchAction\",\"target\":{\"@type\":\"EntryPoint\",\"urlTemplate\":\"https:\/\/itcgaming.fr\/?s={search_term_string}\"},\"query-input\":{\"@type\":\"PropertyValueSpecification\",\"valueRequired\":true,\"valueName\":\"search_term_string\"}}],\"inLanguage\":\"fr-FR\"}]}<\/script>\n<!-- \/ Yoast SEO plugin. -->","yoast_head_json":{"title":"PC GAMER JAEGER - ITCGaming.fr","robots":{"index":"index","follow":"follow","max-snippet":"max-snippet:-1","max-image-preview":"max-image-preview:large","max-video-preview":"max-video-preview:-1"},"canonical":"https:\/\/itcgaming.fr\/?product=pc-gamer-jaeger","og_locale":"fr_FR","og_type":"article","og_title":"PC GAMER JAEGER - ITCGaming.fr","og_description":"PC Gamer initi\u00e9   Utilisation : Gamer  Type Processeur : Intel core i5-104000F  M\u00e9moire RAM : 16Go  Capacit\u00e9 stockage : SSD 1To  Carte Graphique : nVidia RTX 4060 Ti  Syst\u00e8me d'exploitation : Sans  Constructeur GPU : nVidia  Type de Ch\u00e2ssis : Tower  Couleur : Noir","og_url":"https:\/\/itcgaming.fr\/?product=pc-gamer-jaeger","og_site_name":"ITCGaming.fr","article_modified_time":"2023-12-12T18:20:50+00:00","og_image":[{"width":1200,"height":1200,"url":"https:\/\/itcgaming.fr\/wp-content\/uploads\/2023\/11\/jaeger_1.webp","type":"image\/webp"}],"twitter_card":"summary_large_image","twitter_misc":{"Dur\u00e9e de lecture estim\u00e9e":"4 minutes"},"schema":{"@context":"https:\/\/schema.org","@graph":[{"@type":"WebPage","@id":"https:\/\/itcgaming.fr\/?product=pc-gamer-jaeger","url":"https:\/\/itcgaming.fr\/?product=pc-gamer-jaeger","name":"PC GAMER JAEGER - ITCGaming.fr","isPartOf":{"@id":"https:\/\/itcgaming.fr\/#website"},"primaryImageOfPage":{"@id":"https:\/\/itcgaming.fr\/?product=pc-gamer-jaeger#primaryimage"},"image":{"@id":"https:\/\/itcgaming.fr\/?product=pc-gamer-jaeger#primaryimage"},"thumbnailUrl":"https:\/\/itcgaming.fr\/wp-content\/uploads\/2023\/11\/jaeger_1.webp","datePublished":"2023-11-29T15:21:30+00:00","dateModified":"2023-12-12T18:20:50+00:00","breadcrumb":{"@id":"https:\/\/itcgaming.fr\/?product=pc-gamer-jaeger#breadcrumb"},"inLanguage":"fr-FR","potentialAction":[{"@type":"ReadAction","target":["https:\/\/itcgaming.fr\/?product=pc-gamer-jaeger"]}]},{"@type":"ImageObject","inLanguage":"fr-FR","@id":"https:\/\/itcgaming.fr\/?product=pc-gamer-jaeger#primaryimage","url":"https:\/\/itcgaming.fr\/wp-content\/uploads\/2023\/11\/jaeger_1.webp","contentUrl":"https:\/\/itcgaming.fr\/wp-content\/uploads\/2023\/11\/jaeger_1.webp","width":1200,"height":1200},{"@type":"BreadcrumbList","@id":"https:\/\/itcgaming.fr\/?product=pc-gamer-jaeger#breadcrumb","itemListElement":[{"@type":"ListItem","position":1,"name":"Accueil","item":"https:\/\/itcgaming.fr\/"},{"@type":"ListItem","position":2,"name":"Univers Gaming","item":"https:\/\/itcgaming.fr\/?page_id=50"},{"@type":"ListItem","position":3,"name":"PC GAMER JAEGER"}]},{"@type":"WebSite","@id":"https:\/\/itcgaming.fr\/#website","url":"https:\/\/itcgaming.fr\/","name":"ITCGaming.fr","description":"A vous de Jou\u00e9e !","potentialAction":[{"@type":"SearchAction","target":{"@type":"EntryPoint","urlTemplate":"https:\/\/itcgaming.fr\/?s={search_term_string}"},"query-input":{"@type":"PropertyValueSpecification","valueRequired":true,"valueName":"search_term_string"}}],"inLanguage":"fr-FR"}]}},"jetpack_sharing_enabled":true,"_links":{"self":[{"href":"https:\/\/itcgaming.fr\/index.php?rest_route=\/wp\/v2\/product\/3980","targetHints":{"allow":["GET"]}}],"collection":[{"href":"https:\/\/itcgaming.fr\/index.php?rest_route=\/wp\/v2\/product"}],"about":[{"href":"https:\/\/itcgaming.fr\/index.php?rest_route=\/wp\/v2\/types\/product"}],"replies":[{"embeddable":true,"href":"https:\/\/itcgaming.fr\/index.php?rest_route=%2Fwp%2Fv2%2Fcomments&post=3980"}],"wp:featuredmedia":[{"embeddable":true,"href":"https:\/\/itcgaming.fr\/index.php?rest_route=\/wp\/v2\/media\/3981"}],"wp:attachment":[{"href":"https:\/\/itcgaming.fr\/index.php?rest_route=%2Fwp%2Fv2%2Fmedia&parent=3980"}],"wp:term":[{"taxonomy":"product_brand","embeddable":true,"href":"https:\/\/itcgaming.fr\/index.php?rest_route=%2Fwp%2Fv2%2Fproduct_brand&post=3980"},{"taxonomy":"product_cat","embeddable":true,"href":"https:\/\/itcgaming.fr\/index.php?rest_route=%2Fwp%2Fv2%2Fproduct_cat&post=3980"},{"taxonomy":"product_tag","embeddable":true,"href":"https:\/\/itcgaming.fr\/index.php?rest_route=%2Fwp%2Fv2%2Fproduct_tag&post=3980"}],"curies":[{"name":"wp","href":"https:\/\/api.w.org\/{rel}","templated":true}]}}